 of 7455.
3, 5, 7, 71
List the prime factors of 1657.
1657
List the prime factors of 25628.
2, 43, 149
List the prime factors of 43553.
97, 449
What are the prime factors of 84030?
2, 3, 5, 2801
List the prime factors of 2690.
2, 5, 269
List the prime factors of 120949.
79, 1531
List the prime factors of 6286.
2, 7, 449
What are the prime factors of 2346?
2, 3, 17, 23
What are the prime factors of 3620?
2, 5, 181
What are the prime factors of 43183?
7, 31, 199
What are the prime factors of 335?
5, 67
List the prime factors of 74632.
2, 19, 491
What are the prime factors of 37751?
7, 5393
What are the prime factors of 5310?
2, 3, 5, 59
What are the prime factors of 3413?
3413
List the prime factors of 6420.
2, 3, 5, 107
List the prime factors of 1183.
7, 13
List the prime factors of 6950.
2, 5, 139
List the prime factors of 17359.
17359
What are the prime factors of 4900?
2, 5, 7
What are the prime factors of 15161?
15161
What are the prime factors of 14134?
2, 37, 191
List the prime factors of 6495.
3, 5, 433
List the prime factors of 140563.
29, 37, 131
What are the prime factors of 528?
2, 3, 11
List the prime factors of 849.
3, 283
What are the prime factors of 69511?
13, 5347
List the prime factors of 19220.
2, 5, 31
List the prime factors of 816.
2, 3, 17
What are the prime factors of 89832?
2, 3, 19, 197
List the prime factors of 2338.
2, 7, 167
What are the prime factors of 87?
3, 29
List the prime factors of 2232.
2, 3, 31
What are the prime factors of 5457?
3, 17, 107
What are the prime factors of 18581?
17, 1093
List the prime factors of 129195.
3, 5, 11, 29
List the prime factors of 1161.
3, 43
What are the prime factors of 1762?
2, 881
What are the prime factors of 2397?
3, 17, 47
What are the prime factors of 174?
2, 3, 29
List the prime factors of 35.
5, 7
What are the prime factors of 4988?
2, 29, 43
What are the prime factors of 25314?
2, 3, 4219
List the prime factors of 30413.
17, 1789
List the prime factors of 2042.
2, 1021
List the prime factors of 25105.
5, 5021
List the prime factors of 710.
2, 5, 71
What are the prime factors of 617?
617
What are the prime factors of 3223?
11, 293
What are the prime factors of 6029?
6029
What are the prime factors of 885?
3, 5, 59
List the prime factors of 20580.
2, 3, 5, 7
What are the prime factors of 5281?
5281
What are the prime factors of 2104?
2, 263
List the prime factors of 3695.
5, 739
List the prime factors of 4359.
3, 1453
List the prime factors of 840.
2, 3, 5, 7
What are the prime factors of 4410?
2, 3, 5, 7
What are the prime factors of 94815?
3, 5, 7, 43
List the prime factors of 589.
19, 31
List the prime factors of 5536.
2, 173
List the prime factors of 49676.
2, 11, 1129
What are the prime factors of 736?
2, 23
List the prime factors of 960.
2, 3, 5
What are the prime factors of 3122?
2, 7, 223
List the prime factors of 1341.
3, 149
What are the prime factors of 5322?
2, 3, 887
What are the prime factors of 7713?
3, 857
What are the prime factors of 1291?
1291
List the prime factors of 3818.
2, 23, 83
List the prime factors of 3700.
2, 5, 37
List the prime factors of 126285.
3, 5, 8419
List the prime factors of 39563.
39563
List the prime factors of 2030.
2, 5, 7, 29
List the prime factors of 6293.
7, 29, 31
List the prime factors of 687.
3, 229
List the prime factors of 363.
3, 11
List the prime factors of 5491.
17, 19
What are the prime factors of 8470?
2, 5, 7, 11
What are the prime factors of 4767?
3, 7, 227
List the prime factors of 1433.
1433
List the prime factors of 1095.
3, 5, 73
List the prime factors of 7909.
11, 719
List the prime factors of 17172.
2, 3, 53
What are the prime factors of 809?
809
What are the prime factors of 44514?
2, 3, 2473
List the prime factors of 154.
2, 7, 11
List the prime factors of 9834.
2, 3, 11, 149
What are the prime factors of 21833?
7, 3119
List the prime factors of 42802.
2, 21401
What are the prime factors of 758?
2, 379
List the prime factors of 1090.
2, 5, 109
List the prime factors of 4742.
2, 2371
What are the prime factors of 2502?
2, 3, 139
List the prime factors of 2658.
2, 3, 443
List the prime factors of 869.
11, 79
List the prime factors of 3406.
2, 13, 131
List the prime factors of 66094.
2, 7, 4721
List the prime factors of 29247.
3, 9749
List the prime factors of 107793.
3, 7, 29, 59
List the prime factors of 27262.
2, 43, 317
What are the prime factors of 29362?
2, 53, 277
List the prime factors of 2368.
2, 37
What are the prime factors of 14089?
73, 193
What are the prime factors of 102?
2, 3, 17
What are the prime factors of 42436?
2, 103
What are the prime factors of 132576?
2, 3, 1381
What are the prime factors of 7542?
2, 3, 419
What are the prime factors of 963?
3, 107
List the prime factors of 1855.
5, 7, 53
List the prime factors of 11235.
3, 5, 7, 107
List the prime factors of 106625.
5, 853
List the prime factors of 17553.
3, 5851
What are the prime factors of 1560?
2, 3, 5, 13
What are the prime factors of 8587?
31, 277
What are the prime factors of 1070?
2, 5, 107
List the prime factors of 29188.
2, 7297
List the prime factors of 4091.
4091
What are the prime factors of 5566?
2, 11, 23
What are the prime factors of 48869?
48869
List the prime factors of 26556.
2, 3, 2213
What are the prime factors of 21889?
7, 53, 59
What are the prime factors of 1089?
3, 11
What are the prime factors of 26387?
26387
What are the prime factors of 6121?
6121
What are the prime factors of 17471?
17471
What are the prime factors of 1445?
5, 17
What are the prime factors of 103810?
2, 5, 7, 1483
List the prime factors of 3979.
23, 173
List the prime factors of 23232.
2, 3, 11
What are the prime factors of 2355?
3, 5, 157
List the prime factors of 6105.
3, 5, 11, 37
What are the prime factors of 365?
5, 73
What are the prime factors of 3372?
2, 3, 281
What are the prime factors of 605?
5, 11
List the prime factors of 9115.
5, 1823
List the prime factors of 506.
2, 11, 23
List the prime factors of 64319.
64319
List the prime factors of 6049.
23, 263
List the prime factors of 38725.
5, 1549
What are the prime factors of 5268?
2, 3, 439
What are the prime factors of 775?
5, 31
What are the prime factors of 2979?
3, 331
List the prime factors of 11251.
11251
What are the prime factors of 1450?
2, 5, 29
What are the prime factors of 5088?
2, 3, 53
What are the prime factors of 998?
2, 499
What are the prime factors of 12066?
2, 3, 2011
What are the prime factors of 75?
3, 5
What are the prime factors of 755?
5, 151
List the prime factors of 137051.
31, 4421
What are the prime factors of 2648?
2, 331
What are the prime factors of 23349?
3, 43, 181
List the prime factors of 3381.
3, 7, 23
What are the prime factors of 1830?
2, 3, 5, 61
List the prime factors of 1706.
2, 853
List the prime factors of 35157.
3, 11719
List the prime factors of 949.
13, 73
List the prime factors of 300.
2, 3, 5
List the prime factors of 1237.
1237
What are the prime factors of 182956?
2, 53, 863
List the prime factors of 514.
2, 257
List the prime factors of 656.
2, 41
List the prime factors of 49269.
3, 11, 1493
List the prime factors of 55191.
3, 18397
What are the prime factors of 10465?
5, 7, 13, 23
What are the prime factors of 59490?
2, 3, 5, 661
List the prime factors of 471.
3, 157
List the prime factors of 124669.
124669
List the prime factors of 801.
3, 89
What are the prime factors of 3323?
3323
What are the prime factors of 938?
2, 7, 67
What are the prime factors of 80047?
11, 19, 383
List the prime factors of 1015.
5, 7, 29
What are the prime factors of 54707?
227, 241
List the prime factors of 48334.
2, 11, 13
What are the prime factors of 2380?
2, 5, 7, 17
What are the prime factors of 3720?
2, 3, 5, 31
List the prime factors of 17139.
3, 29, 197
What are the prime factors of 54?
2, 3
List the prime factors of 75376.
2, 7, 673
List the prime factors of 5061.
3, 7, 241
What are the prime factors of 64294?
2, 17, 31, 61
What are the prime factors of 644?
2, 7, 23
List the prime factors of 58004.
2, 17, 853
List the prime factors of 4992.
2, 3, 13
What are the prime factors of 100935?
3, 5, 2243
What are the prime factors of 6761?
6761
What are the prime factors of 9703?
31, 313
What are the prime factors of 1163?
1163
List the pri